{"id":499,"date":"2025-05-23T14:08:37","date_gmt":"2025-05-23T14:08:37","guid":{"rendered":"https:\/\/colegiojag.cl\/?page_id=499"},"modified":"2026-03-02T22:24:54","modified_gmt":"2026-03-02T22:24:54","slug":"elementor-499","status":"publish","type":"page","link":"https:\/\/colegiojag.cl\/","title":{"rendered":"Inicio"},"content":{"rendered":"\n<h1 class=\"wp-block-heading has-text-align-center\"><mark style=\"background-color:rgba(0, 0, 0, 0)\" class=\"has-inline-color has-vivid-cyan-blue-color\">Colegio Jos\u00e9 Agust\u00edn G\u00f3mez &#8211; San Felipe<\/mark><\/h1>\n\n\n\n<hr class=\"wp-block-separator has-alpha-channel-opacity\"\/>\n\n\n\n<div class=\"wp-block-media-text is-stacked-on-mobile\"><figure class=\"wp-block-media-text__media\"><img loading=\"lazy\" decoding=\"async\" width=\"1024\" height=\"768\" src=\"https:\/\/colegiojag.cl\/wp-content\/uploads\/2024\/03\/IMG_1140-1024x768.jpg\" alt=\"\" class=\"wp-image-225 size-full\" srcset=\"https:\/\/colegiojag.cl\/wp-content\/uploads\/2024\/03\/IMG_1140-1024x768.jpg 1024w, https:\/\/colegiojag.cl\/wp-content\/uploads\/2024\/03\/IMG_1140-300x225.jpg 300w, https:\/\/colegiojag.cl\/wp-content\/uploads\/2024\/03\/IMG_1140-768x576.jpg 768w, https:\/\/colegiojag.cl\/wp-content\/uploads\/2024\/03\/IMG_1140-1536x1152.jpg 1536w, https:\/\/colegiojag.cl\/wp-content\/uploads\/2024\/03\/IMG_1140-2048x1536.jpg 2048w\" sizes=\"auto, (max-width: 1024px) 100vw, 1024px\" \/><\/figure><div class=\"wp-block-media-text__content\">\n<p><strong>HORARIO CLASES &#8211; Inicio 2026<\/strong><\/p>\n\n\n\n<p>JORNADA MA\u00d1ANA<br>Mi\u00e9rcoles 4 marzo :    09 a 12 hrs.<br>Jueves 5 al 20 marzo : 08 a 13 hrs.<br>Lunes 23 marzo : Jornada<br>Escolar Completa con 7\u00b0 y 8\u00b0<br>hora.<\/p>\n\n\n\n<p>JORNADA TARDE Pre Kinder B Y Kinder B<br>Mi\u00e9rcoles 4 marzo: 14 a 17 hrs.<br>Jueves 5 marzo en adelante:<br>14:00 a 18:30 hrs.<\/p>\n<\/div><\/div>\n\n\n\n<hr class=\"wp-block-separator has-alpha-channel-opacity\"\/>\n\n\n\n<h2 class=\"wp-block-heading has-text-align-center\"><mark style=\"background-color:rgba(0, 0, 0, 0)\" class=\"has-inline-color has-vivid-cyan-blue-color\"><strong>Informaci\u00f3n importante para las familias<\/strong><\/mark><\/h2>\n\n\n<div class=\"wp-block-image\">\n<figure class=\"aligncenter size-large\"><img loading=\"lazy\" decoding=\"async\" width=\"683\" height=\"1024\" src=\"https:\/\/colegiojag.cl\/wp-content\/uploads\/2026\/03\/IMG-20260126-WA0013-683x1024.jpg\" alt=\"\" class=\"wp-image-543\" srcset=\"https:\/\/colegiojag.cl\/wp-content\/uploads\/2026\/03\/IMG-20260126-WA0013-683x1024.jpg 683w, https:\/\/colegiojag.cl\/wp-content\/uploads\/2026\/03\/IMG-20260126-WA0013-200x300.jpg 200w, https:\/\/colegiojag.cl\/wp-content\/uploads\/2026\/03\/IMG-20260126-WA0013-768x1152.jpg 768w, https:\/\/colegiojag.cl\/wp-content\/uploads\/2026\/03\/IMG-20260126-WA0013-433x650.jpg 433w, https:\/\/colegiojag.cl\/wp-content\/uploads\/2026\/03\/IMG-20260126-WA0013.jpg 1024w\" sizes=\"auto, (max-width: 683px) 100vw, 683px\" \/><\/figure><\/div>\n\n\n<hr class=\"wp-block-separator has-alpha-channel-opacity\"\/>\n\n\n\n<figure class=\"wp-block-image size-large\"><img loading=\"lazy\" decoding=\"async\" width=\"1024\" height=\"512\" src=\"https:\/\/colegiojag.cl\/wp-content\/uploads\/2026\/03\/Banner-Regreso-a-Clases-Moderno-Morado-2-1024x512.png\" alt=\"\" class=\"wp-image-561\" srcset=\"https:\/\/colegiojag.cl\/wp-content\/uploads\/2026\/03\/Banner-Regreso-a-Clases-Moderno-Morado-2-1024x512.png 1024w, https:\/\/colegiojag.cl\/wp-content\/uploads\/2026\/03\/Banner-Regreso-a-Clases-Moderno-Morado-2-300x150.png 300w, https:\/\/colegiojag.cl\/wp-content\/uploads\/2026\/03\/Banner-Regreso-a-Clases-Moderno-Morado-2-768x384.png 768w, https:\/\/colegiojag.cl\/wp-content\/uploads\/2026\/03\/Banner-Regreso-a-Clases-Moderno-Morado-2-1536x768.png 1536w, https:\/\/colegiojag.cl\/wp-content\/uploads\/2026\/03\/Banner-Regreso-a-Clases-Moderno-Morado-2-2048x1024.png 2048w, https:\/\/colegiojag.cl\/wp-content\/uploads\/2026\/03\/Banner-Regreso-a-Clases-Moderno-Morado-2-650x325.png 650w\" sizes=\"auto, (max-width: 1024px) 100vw, 1024px\" \/><\/figure>\n\n\n\n<p><\/p>\n","protected":false},"excerpt":{"rendered":"<p>Colegio Jos\u00e9 Agust\u00edn G\u00f3mez &#8211; San Felipe HORARIO CLASES &#8211; Inicio 2026 JORNADA MA\u00d1ANAMi\u00e9rcoles 4 marzo : 09 a 12 hrs.Jueves 5 al 20 marzo : 08 a 13 hrs.Lunes 23 marzo : JornadaEscolar Completa con 7\u00b0 y 8\u00b0hora. JORNADA TARDE Pre Kinder B Y Kinder BMi\u00e9rcoles 4 marzo: 14 a 17 hrs.Jueves 5 marzo [&hellip;]<\/p>\n","protected":false},"author":1,"featured_media":0,"parent":0,"menu_order":0,"comment_status":"closed","ping_status":"closed","template":"","meta":{"footnotes":""},"class_list":["post-499","page","type-page","status-publish","hentry","post"],"_links":{"self":[{"href":"https:\/\/colegiojag.cl\/index.php\/wp-json\/wp\/v2\/pages\/499","targetHints":{"allow":["GET"]}}],"collection":[{"href":"https:\/\/colegiojag.cl\/index.php\/wp-json\/wp\/v2\/pages"}],"about":[{"href":"https:\/\/colegiojag.cl\/index.php\/wp-json\/wp\/v2\/types\/page"}],"author":[{"embeddable":true,"href":"https:\/\/colegiojag.cl\/index.php\/wp-json\/wp\/v2\/users\/1"}],"replies":[{"embeddable":true,"href":"https:\/\/colegiojag.cl\/index.php\/wp-json\/wp\/v2\/comments?post=499"}],"version-history":[{"count":25,"href":"https:\/\/colegiojag.cl\/index.php\/wp-json\/wp\/v2\/pages\/499\/revisions"}],"predecessor-version":[{"id":562,"href":"https:\/\/colegiojag.cl\/index.php\/wp-json\/wp\/v2\/pages\/499\/revisions\/562"}],"wp:attachment":[{"href":"https:\/\/colegiojag.cl\/index.php\/wp-json\/wp\/v2\/media?parent=499"}],"curies":[{"name":"wp","href":"https:\/\/api.w.org\/{rel}","templated":true}]}}