{"id":63,"date":"2024-01-31T02:07:36","date_gmt":"2024-01-31T02:07:36","guid":{"rendered":"https:\/\/colegiojag.cl\/?page_id=63"},"modified":"2024-02-27T20:37:06","modified_gmt":"2024-02-27T20:37:06","slug":"padre-fundador","status":"publish","type":"page","link":"https:\/\/colegiojag.cl\/index.php\/inicio\/padre-fundador\/","title":{"rendered":"Padre Fundador"},"content":{"rendered":"\n<div class=\"wp-block-media-text is-stacked-on-mobile is-vertically-aligned-top\" style=\"grid-template-columns:45% auto\"><figure class=\"wp-block-media-text__media\"><img loading=\"lazy\" decoding=\"async\" width=\"425\" height=\"319\" src=\"https:\/\/colegiojag.cl\/wp-content\/uploads\/2024\/02\/jose.jpg\" alt=\"\" class=\"wp-image-150 size-full\" srcset=\"https:\/\/colegiojag.cl\/wp-content\/uploads\/2024\/02\/jose.jpg 425w, https:\/\/colegiojag.cl\/wp-content\/uploads\/2024\/02\/jose-300x225.jpg 300w, https:\/\/colegiojag.cl\/wp-content\/uploads\/2024\/02\/jose-230x173.jpg 230w, https:\/\/colegiojag.cl\/wp-content\/uploads\/2024\/02\/jose-350x263.jpg 350w\" sizes=\"auto, (max-width: 425px) 100vw, 425px\" \/><\/figure><div class=\"wp-block-media-text__content\">\n<p>El Fundador de esta familia hospitalaria es el Presb\u00edtero Jos\u00e9 Agust\u00edn G\u00f3mez D\u00edaz, nacido en Santiago de Chile el 28 de agosto 1830 y fallecido en Gorbea el 15 de enero 1906. Desde joven se distingue por su piedad e inteligencia, dedic\u00e1ndose por entero al estudio y discernimiento de la voluntad de Dios. Pens\u00f3 en ser Hermano lego de la Orden de la Merced. Unos cuantos a\u00f1os en la paz del claustro dedicado al estudio, al discernimiento de la voluntad de Dios le permite descubrir la vocaci\u00f3n al sacerdocio. En 1854 se recibe de sacerdote diocesano, consagr\u00e1ndolo el arzobispo Monse\u00f1or Rafael Valent\u00edn Valdivieso. Dec\u00eda el Padre Jos\u00e9 Agust\u00edn G\u00f3mez D\u00edaz &#8220;Se\u00f1or, que mi servicio sacerdotal comprenda y hable el lenguaje de los hombres. Que no me ponga a luchar contra la historia. El Sacerdocio se justifica en la medida que sirve a los m\u00e1s olvidados de nuestro pueblo. \u00bfY c\u00f3mo va servir si se encierra o si lucha contra la historia?. No s\u00e9 lo que me tiene reservado, pero ay\u00fadame a entender tu voluntad en los acontecimientos de la vida; aunque tambi\u00e9n me tengas destinado un destierro.\u201d El &#8220;Cura G\u00f3mez&#8221;, un ap\u00f3stol de la caridad, un hombre visionario, lleno de celo apost\u00f3lico y de una desbordante caridad, vivi\u00f3 la opci\u00f3n preferencial por los pobres en la m\u00e1s genuina tradici\u00f3n de la Iglesia, no estuvo ajeno a los problemas y acontecimientos de la \u00e9poca, pues su inter\u00e9s por el hombre integral lo llev\u00f3 a estar junto a \u00e9l, en la guerra y en la paz. Durante la Guerra del Pacifico, colabor\u00f3 con la preparaci\u00f3n espiritual del Batall\u00f3n \u201cAconcagua\u201d y del contingente del Regimiento \u201cEsmeralda\u201d, famosamente conocido como el S\u00e9ptimo de L\u00ednea, llegando a ser nombrado su capell\u00e1n. Trabaj\u00f3 junto a las mujeres que la sociedad menoscababa, fund\u00f3 hospitales, hogares de ni\u00f1os y ancianos, escuelas, etc., los que se multiplicaron primero en San Felipe y luego a lo largo del pa\u00eds. La vida y obra del Padre Jos\u00e9 Agust\u00edn G\u00f3mez D\u00edaz es la entrega incondicional a Cristo, identificado con los que sufren. Reci\u00e9n ordenado Sacerdote por disposici\u00f3n del Arzobispado de Santiago es destinado como Capell\u00e1n del Monasterio de Nuestra Se\u00f1ora del Buen Pastor, quienes reci\u00e9n llegaban a Chile. Ah\u00ed surge en \u00e9l la idea de fundar una Congregaci\u00f3n Chilena. \u00c9l se preguntaba \u00bfacaso las Chilenas no son tan generosas como las extranjeras? Fund\u00f3 dos congregaciones religiosas: Las Hermanas Hospitalarias de San Jos\u00e9, en San Felipe 1866, y las Hermanas Hospitalarias del Sacrat\u00edsimo Coraz\u00f3n de Jes\u00fas en San Carlos, \u00d1uble 1903, ambas con una misma espiritualidad: &#8221; El alivio de la humanidad doliente&#8221; Su amor al igual que Cristo lo llev\u00f3 a aceptar los desaf\u00edos que le impon\u00eda la sociedad y no trepid\u00f3 ante el mandato del Se\u00f1or de ir a la c\u00e1rcel, a la guerra, al destierro, a sufrir la calumnia, incluso de sus amigos, pues el disc\u00edpulo no puede ser m\u00e1s que el maestro. El destierro lo lleva a vivir sus \u00faltimo a\u00f1os en Gorbea, y all\u00ed entre los Mapuches el anciano sacerdote ve que su amor es fruct\u00edfero a\u00fan, porque al igual que en el norte &#8220;hay l\u00e1grimas que enjugar y dolores que aliviar&#8221; y junto con crear hogares de ni\u00f1os, escuelas, hospitales, hogares de ancianos, siembra la palabra de Dios y lleva un pedazo de civilizaci\u00f3n a lejanas tierras de su patria. En recuerdo y reconocimiento a su labor se levantan dos monumentos al Cura G\u00f3mez como lo llamaba el pueblo. Uno en San Felipe y otro en Gorbea. Sus restos descansan en la Capilla de la Casa de fundaci\u00f3n de nuestra Congregaci\u00f3n en San Carlos. Todos los d\u00edas centenares de ni\u00f1os hu\u00e9rfanos o en situaci\u00f3n irregular, ancianos, enfermos, j\u00f3venes y desvalidos reciben el cari\u00f1o, el abrigo, el alimento y la paz que les prodigan sus hijas &#8220;Las Hermanas Hospitalarias Chilenas&#8221;.<\/p>\n<\/div><\/div>\n","protected":false},"excerpt":{"rendered":"<p>El Fundador de esta familia hospitalaria es el Presb\u00edtero Jos\u00e9 Agust\u00edn G\u00f3mez D\u00edaz, nacido en Santiago de Chile el 28 de agosto 1830 y fallecido en Gorbea el 15 de enero 1906. Desde joven se distingue por su piedad e inteligencia, dedic\u00e1ndose por entero al estudio y discernimiento de la voluntad de Dios. Pens\u00f3 en [&hellip;]<\/p>\n","protected":false},"author":1,"featured_media":0,"parent":28,"menu_order":1,"comment_status":"closed","ping_status":"closed","template":"","meta":{"footnotes":""},"class_list":["post-63","page","type-page","status-publish","hentry","post"],"_links":{"self":[{"href":"https:\/\/colegiojag.cl\/index.php\/wp-json\/wp\/v2\/pages\/63","targetHints":{"allow":["GET"]}}],"collection":[{"href":"https:\/\/colegiojag.cl\/index.php\/wp-json\/wp\/v2\/pages"}],"about":[{"href":"https:\/\/colegiojag.cl\/index.php\/wp-json\/wp\/v2\/types\/page"}],"author":[{"embeddable":true,"href":"https:\/\/colegiojag.cl\/index.php\/wp-json\/wp\/v2\/users\/1"}],"replies":[{"embeddable":true,"href":"https:\/\/colegiojag.cl\/index.php\/wp-json\/wp\/v2\/comments?post=63"}],"version-history":[{"count":3,"href":"https:\/\/colegiojag.cl\/index.php\/wp-json\/wp\/v2\/pages\/63\/revisions"}],"predecessor-version":[{"id":156,"href":"https:\/\/colegiojag.cl\/index.php\/wp-json\/wp\/v2\/pages\/63\/revisions\/156"}],"up":[{"embeddable":true,"href":"https:\/\/colegiojag.cl\/index.php\/wp-json\/wp\/v2\/pages\/28"}],"wp:attachment":[{"href":"https:\/\/colegiojag.cl\/index.php\/wp-json\/wp\/v2\/media?parent=63"}],"curies":[{"name":"wp","href":"https:\/\/api.w.org\/{rel}","templated":true}]}}