{"id":82,"date":"2024-01-31T02:21:15","date_gmt":"2024-01-31T02:21:15","guid":{"rendered":"https:\/\/colegiojag.cl\/?page_id=82"},"modified":"2025-03-21T19:23:39","modified_gmt":"2025-03-21T19:23:39","slug":"proyecto-educativo-institucional-del-colegio-jose-agustin-gomez-san-felipe","status":"publish","type":"page","link":"https:\/\/colegiojag.cl\/index.php\/documentos\/proyecto-educativo-institucional-del-colegio-jose-agustin-gomez-san-felipe\/","title":{"rendered":"Proyecto Educativo Institucional"},"content":{"rendered":"\n<p>El Proyecto Educativo Institucional (PEI) del Colegio Jos\u00e9 Agust\u00edn G\u00f3mez San Felipe es un documento que establece las directrices y objetivos educativos de nuestra instituci\u00f3n. El PEI es el marco de referencia que gu\u00eda todas las acciones y decisiones pedag\u00f3gicas, administrativas y comunitarias de nuestro colegio.<\/p>\n\n\n\n<p>Nuestro PEI se basa en una visi\u00f3n integral de la educaci\u00f3n, donde se busca formar a nuestros estudiantes en todas las dimensiones de su ser: intelectual, emocional, social y f\u00edsica. Nuestro objetivo principal es brindar una educaci\u00f3n de calidad que promueva el desarrollo integral de cada estudiante y que les prepare para enfrentar los retos del siglo XXI.<\/p>\n\n\n\n<p>En nuestro PEI, se establecen los principios y valores que rigen nuestra comunidad educativa. Fomentamos el respeto, la responsabilidad, la solidaridad y la honestidad como pilares fundamentales en la formaci\u00f3n de nuestros estudiantes. Adem\u00e1s, promovemos la inclusi\u00f3n y la diversidad, valorando las diferencias individuales y fomentando un ambiente de respeto y tolerancia.<\/p>\n\n\n\n<p>Nuestro curr\u00edculo se basa en un enfoque pedag\u00f3gico centrado en el estudiante, donde se promueve el aprendizaje activo, la participaci\u00f3n y la creatividad. Buscamos que nuestros estudiantes sean protagonistas de su propio aprendizaje, fomentando su autonom\u00eda y capacidad de pensar cr\u00edticamente.<\/p>\n\n\n\n<p>Adem\u00e1s, nuestro PEI se preocupa por la formaci\u00f3n continua de nuestros docentes, quienes son el pilar fundamental en la educaci\u00f3n de nuestros estudiantes. Fomentamos la capacitaci\u00f3n y actualizaci\u00f3n constante, para garantizar una educaci\u00f3n de calidad y acorde a las necesidades de nuestros estudiantes.<\/p>\n\n\n\n<p>En resumen, el Proyecto Educativo Institucional del Colegio Jos\u00e9 Agust\u00edn G\u00f3mez San Felipe es el documento que establece los lineamientos y objetivos de nuestra instituci\u00f3n. Buscamos formar estudiantes integrales, comprometidos con su comunidad y preparados para enfrentar los desaf\u00edos del futuro.<\/p>\n\n\n\n<p><\/p>\n\n\n\n<p>Descargue aqu\u00ed nuestro Proyecto Educativo Institucional:<\/p>\n\n\n\n<div data-wp-interactive=\"core\/file\" class=\"wp-block-file\"><object data-wp-bind--hidden=\"!state.hasPdfPreview\" hidden class=\"wp-block-file__embed\" data=\"https:\/\/colegiojag.cl\/wp-content\/uploads\/2025\/03\/PEI-2025.pdf\" type=\"application\/pdf\" style=\"width:100%;height:600px\" aria-label=\"Incrustado de PEI 2025.\"><\/object><a id=\"wp-block-file--media-71722691-4682-4298-9f37-42bc2df019e8\" href=\"https:\/\/colegiojag.cl\/wp-content\/uploads\/2025\/03\/PEI-2025.pdf\">PEI 2025<\/a><a href=\"https:\/\/colegiojag.cl\/wp-content\/uploads\/2025\/03\/PEI-2025.pdf\" class=\"wp-block-file__button wp-element-button\" download aria-describedby=\"wp-block-file--media-71722691-4682-4298-9f37-42bc2df019e8\">Descargar<\/a><\/div>\n","protected":false},"excerpt":{"rendered":"<p>El Proyecto Educativo Institucional (PEI) del Colegio Jos\u00e9 Agust\u00edn G\u00f3mez San Felipe es un documento que establece las directrices y objetivos educativos de nuestra instituci\u00f3n. El PEI es el marco de referencia que gu\u00eda todas las acciones y decisiones pedag\u00f3gicas, administrativas y comunitarias de nuestro colegio. Nuestro PEI se basa en una visi\u00f3n integral de [&hellip;]<\/p>\n","protected":false},"author":1,"featured_media":0,"parent":38,"menu_order":1,"comment_status":"closed","ping_status":"closed","template":"","meta":{"footnotes":""},"class_list":["post-82","page","type-page","status-publish","hentry","post"],"_links":{"self":[{"href":"https:\/\/colegiojag.cl\/index.php\/wp-json\/wp\/v2\/pages\/82","targetHints":{"allow":["GET"]}}],"collection":[{"href":"https:\/\/colegiojag.cl\/index.php\/wp-json\/wp\/v2\/pages"}],"about":[{"href":"https:\/\/colegiojag.cl\/index.php\/wp-json\/wp\/v2\/types\/page"}],"author":[{"embeddable":true,"href":"https:\/\/colegiojag.cl\/index.php\/wp-json\/wp\/v2\/users\/1"}],"replies":[{"embeddable":true,"href":"https:\/\/colegiojag.cl\/index.php\/wp-json\/wp\/v2\/comments?post=82"}],"version-history":[{"count":6,"href":"https:\/\/colegiojag.cl\/index.php\/wp-json\/wp\/v2\/pages\/82\/revisions"}],"predecessor-version":[{"id":438,"href":"https:\/\/colegiojag.cl\/index.php\/wp-json\/wp\/v2\/pages\/82\/revisions\/438"}],"up":[{"embeddable":true,"href":"https:\/\/colegiojag.cl\/index.php\/wp-json\/wp\/v2\/pages\/38"}],"wp:attachment":[{"href":"https:\/\/colegiojag.cl\/index.php\/wp-json\/wp\/v2\/media?parent=82"}],"curies":[{"name":"wp","href":"https:\/\/api.w.org\/{rel}","templated":true}]}}